{"id":143,"date":"2026-05-03T14:42:44","date_gmt":"2026-05-03T14:42:44","guid":{"rendered":"https:\/\/wifigiadinh.com\/?page_id=143"},"modified":"2026-05-03T14:46:03","modified_gmt":"2026-05-03T14:46:03","slug":"chu-ky-so-vnpt-ca","status":"publish","type":"page","link":"https:\/\/wifigiadinh.com\/index.php\/chu-ky-so-vnpt-ca\/","title":{"rendered":"Ch\u1eef k\u00fd s\u1ed1 VNPT \u2013 CA"},"content":{"rendered":"\t<div class=\"img has-hover x md-x lg-x y md-y lg-y\" id=\"image_46690135\">\n\t\t\t\t\t\t\t\t<div class=\"img-inner dark\" >\n\t\t\t<img loading=\"lazy\" decoding=\"async\" width=\"1020\" height=\"346\" src=\"https:\/\/wifigiadinh.com\/wp-content\/uploads\/2026\/05\/smart-CA-banner_1920x650-scaled-1-1024x347.jpg\" class=\"attachment-large size-large\" alt=\"\" srcset=\"https:\/\/wifigiadinh.com\/wp-content\/uploads\/2026\/05\/smart-CA-banner_1920x650-scaled-1-1024x347.jpg 1024w, https:\/\/wifigiadinh.com\/wp-content\/uploads\/2026\/05\/smart-CA-banner_1920x650-scaled-1-300x102.jpg 300w, https:\/\/wifigiadinh.com\/wp-content\/uploads\/2026\/05\/smart-CA-banner_1920x650-scaled-1-600x203.jpg 600w, https:\/\/wifigiadinh.com\/wp-content\/uploads\/2026\/05\/smart-CA-banner_1920x650-scaled-1-768x260.jpg 768w, https:\/\/wifigiadinh.com\/wp-content\/uploads\/2026\/05\/smart-CA-banner_1920x650-scaled-1-1536x521.jpg 1536w, https:\/\/wifigiadinh.com\/wp-content\/uploads\/2026\/05\/smart-CA-banner_1920x650-scaled-1-2048x694.jpg 2048w\" sizes=\"auto, (max-width: 1020px) 100vw, 1020px\" \/>\t\t\t\t\t\t\n\t\t\t\t\t<\/div>\n\t\t\t\t\t\t\t\t\n<style>\n#image_46690135 {\n  width: 100%;\n}\n<\/style>\n\t<\/div>\n\t\n\n\t<section class=\"section\" id=\"section_1188381082\">\n\t\t<div class=\"section-bg fill\" >\n\t\t\t\t\t\t\t\t\t\n\t\t\t\n\n\t\t<\/div>\n\n\t\t\n\n\t\t<div class=\"section-content relative\">\n\t\t\t\n<div class=\"row\"  id=\"row-941992379\">\n\n\t<div id=\"col-1012277894\" class=\"col medium-6 small-12 large-6\"  >\n\t\t\t\t<div class=\"col-inner\"  >\n\t\t\t\n\t\t\t\n\t<div class=\"img has-hover x md-x lg-x y md-y lg-y\" id=\"image_955468882\">\n\t\t\t\t\t\t\t\t<div class=\"img-inner dark\" >\n\t\t\t<img loading=\"lazy\" decoding=\"async\" width=\"850\" height=\"680\" src=\"https:\/\/wifigiadinh.com\/wp-content\/uploads\/2026\/05\/xuat-hoa-don-dien-tu-vnpt.jpg\" class=\"attachment-large size-large\" alt=\"\" srcset=\"https:\/\/wifigiadinh.com\/wp-content\/uploads\/2026\/05\/xuat-hoa-don-dien-tu-vnpt.jpg 850w, https:\/\/wifigiadinh.com\/wp-content\/uploads\/2026\/05\/xuat-hoa-don-dien-tu-vnpt-300x240.jpg 300w, https:\/\/wifigiadinh.com\/wp-content\/uploads\/2026\/05\/xuat-hoa-don-dien-tu-vnpt-600x480.jpg 600w, https:\/\/wifigiadinh.com\/wp-content\/uploads\/2026\/05\/xuat-hoa-don-dien-tu-vnpt-768x614.jpg 768w\" sizes=\"auto, (max-width: 850px) 100vw, 850px\" \/>\t\t\t\t\t\t\n\t\t\t\t\t<\/div>\n\t\t\t\t\t\t\t\t\n<style>\n#image_955468882 {\n  width: 100%;\n}\n<\/style>\n\t<\/div>\n\t\n\t\t<\/div>\n\t\t\t\t\t<\/div>\n\n\t\n\n\t<div id=\"col-3801868\" class=\"col medium-6 small-12 large-6\"  >\n\t\t\t\t<div class=\"col-inner\"  >\n\t\t\t\n\t\t\t\n<h3>Ch\u1eef k\u00fd s\u1ed1 VNPT \u2013 CA<\/h3>\n<p>Ch\u1eef k\u00fd s\u1ed1 \u0111i\u1ec7n t\u1eed VNPT-CA, VNPT-IVAN thay th\u1ebf cho con d\u1ea5u v\u00e0 ch\u1eef k\u00fd gi\u00e1m \u0111\u1ed1c gi\u00fap qu\u00fd c\u00f4ng ty gi\u1ea3m chi ph\u00ed giao d\u1ecbch th\u1ee7 c\u00f4ng, ti\u1ebft ki\u1ec7m th\u1eddi, c\u00f4ng s\u1ee9c \u0111i l\u1ea1i k\u00fd h\u1ee3p \u0111\u1ed3ng, giao d\u1ecbch \u0111i\u1ec7n t\u1eed, n\u1ed9p thu\u1ebf,\u2026. theo c\u00e1ch truy\u1ec1n th\u1ed1ng nh\u01b0 tr\u01b0\u1edbc.<\/p>\n<p>Ch\u1eef k\u00fd s\u1ed1 \u0111i\u1ec7n t\u1eed VNPT l\u00e0 s\u1ea3n ph\u1ea9m c\u1ee7a T\u1eadp \u0111o\u00e0n b\u01b0u ch\u00ednh vi\u1ec5n th\u00f4ng vi\u1ec7t nam ( g\u1ecdi t\u1eaft VNPT ). \u0110\u01b0\u1ee3c B\u1ed9 th\u00f4ng tin v\u00e0 truy\u1ec1n th\u00f4ng c\u1ea5p ph\u00e9p v\u00e0o n\u0103m 2009.<\/p>\n<p>VNPT \u0111\u01b0\u1ee3c giao s\u1ee9 m\u1ec7nh mang \u0111\u1ebfn d\u1ecbch v\u1ee5 t\u1ed1i \u01b0u nh\u1ea5t, ti\u1ebft ki\u1ec7m nh\u1ea5t, v\u00e0 c\u0169ng ch\u1ea5t l\u01b0\u1ee3ng nh\u1ea5t \u0111\u1ec3 ph\u1ee5c nhu c\u1ea7u c\u1ee7a qu\u00fd c\u00f4ng ty. \u0110\u1eb7c bi\u1ec7t l\u00e0 kh\u00e1ch h\u00e0ng c\u1ee7a VNPT t\u1ea1i \u0111\u1ecba b\u00e0n Tp. H Ch\u00ed Minh.<\/p>\n\t\t<\/div>\n\t\t\t\t\t<\/div>\n\n\t\n<\/div>\n\t\t<\/div>\n\n\t\t\n<style>\n#section_1188381082 {\n  padding-top: 30px;\n  padding-bottom: 30px;\n}\n<\/style>\n\t<\/section>\n\t\n\n\t<section class=\"section\" id=\"section_206162060\">\n\t\t<div class=\"section-bg fill\" >\n\t\t\t\t\t\t\t\t\t\n\t\t\t\n\n\t\t<\/div>\n\n\t\t\n\n\t\t<div class=\"section-content relative\">\n\t\t\t\n<h3>1. C\u00e1c lo\u1ea1i Ch\u1eef k\u00fd s\u1ed1 m\u00e0 VNPT cung c\u1ea5p<\/h3>\n<p>\u2013 Ch\u1eef k\u00fd s\u1ed1 VNPT d\u00e0nh cho c\u00e1 nh\u00e2n.<br \/>\u2013 Ch\u1eef k\u00fd s\u1ed1 VNPT d\u00e0nh cho c\u00e1 nh\u00e2n thu\u1ed9c t\u1ed5 ch\u1ee9c doanh nghi\u1ec7p.<br \/>\u2013 Ch\u1eef k\u00fd s\u1ed1 VNPT d\u00e0nh cho doanh nghi\u1ec7p c\u00f3 quy m\u00f4 v\u1eeba v\u00e0 nh\u1ecf.<br \/>\u2013 Ch\u1eef k\u00fd VNPT chuy\u00ean d\u1ee5ng ph\u1ee5c v\u1ee5 cho c\u00e1ch doanh nghi\u1ec7p l\u1edbn, k\u00fd v\u1edbi s\u1ed1 l\u01b0\u1ee3ng nhi\u1ec1u (HSM).<\/p>\n<h3>2. Ch\u1eef k\u00fd s\u1ed1 VNPT \u0111\u01b0\u1ee3c k\u00fd tr\u00ean<\/h3>\n<p>\u2022 Ch\u1eef k\u00fd VNPT S\u1eed d\u1ee5ng k\u00fd V\u0103n b\u1ea3ng \u0111i\u1ec7n t\u1eed, c\u00e1c h\u1ee3p \u0111\u00f4ng \u0111i\u1ec7n t\u1eed.<br \/>\u2022 Ch\u1eef k\u00fd VNPT K\u00ea khai thu\u1ebf, n\u1ed9p thu\u1ebf m\u00f4n b\u00e0i.<br \/>\u2022 Ch\u1eef k\u00fd VNPT Khai h\u1ea3i quan, k\u00fd \u0111\u1ea5u th\u1ea7u c\u00f4ng tr\u00ecnh<br \/>\u2022 Ch\u1eef k\u00fd VNPT K\u00fd d\u1ecbch v\u1ee5 H\u00f3a \u0111\u01a1n \u0111i\u1ec7n t\u1eed ( VNPT, \u2026)<\/p>\n<h3>3. T\u1ea1i sao ph\u1ea3i s\u1eed d\u1ee5ng Ch\u1eef k\u00fd s\u1ed1 VNPT<\/h3>\n<p>\u25ba Tuy\u1ec7t \u0111\u1ed1i b\u1ea3o m\u1eadt th\u00f4ng tin kh\u00e1ch h\u00e0ng.<br \/>\u25ba Ch\u1eef k\u00fd s\u1ed1 VNPT \u0111\u00e3 \u0111\u01b0\u1ee3c c\u01a1 quan thu\u1ebf x\u00e1c nh\u1eadn v\u1ec1 gi\u00e1 tr\u1ecb ph\u00e1p l\u00fd c\u0169ng nh\u01b0 \u0111\u1ed9 b\u1ea3o m\u1eadt cao.<br \/>\u25ba Chi ph\u00ed t\u1ed1i \u01b0u nh\u1ea5t cho kh\u00e1ch h\u00e0ng.<br \/>\u25ba V\u1edbi \u0111\u1ed9i ng\u0169 sale chuy\u00ean nghi\u1ec7p v\u00e0 gi\u00e0u kinh nghi\u1ec7m s\u1ebd h\u1ed7 tr\u1ee3 kh\u00e1ch h\u00e0ng 24\/7. Mang l\u1ea1i s\u1ef1 an t\u00e2m tuy\u1ec7t \u0111\u1ed1i v\u1edbi kh\u00e1ch h\u00e0ng.<br \/>\u25ba S\u1ea3n ph\u1ea9m \u0111\u01b0\u1ee3c b\u1ea3o h\u00e0nh tr\u1ecdn \u0111\u1eddi kh\u00f4ng m\u1ea5t chi ph\u00ed.<br \/>\u25ba Giao h\u00e0ng nhanh trong ng\u00e0y khi c\u00f3 y\u00eau c\u1ea7u.<\/p>\n<p>\u00a0<\/p>\n<p>\u00a0<\/p>\n<h3>\u25ba Th\u1ee7 t\u1ee5c \u0111\u0103ng k\u00fd ch\u1eef k\u00fd s\u1ed1 VNPT<\/h3>\n<p>\u2013 B\u01b0\u1edbc 1: Kh\u00e1ch h\u00e0ng ch\u1ecdn g\u00f3i c\u01b0\u1edbc th\u00edch h\u1ee3p theo nhu c\u1ea7u s\u1eed d\u1ee5ng c\u1ee7a c\u00f4ng ty qua b\u00e1o gi\u00e1 c\u1ee7a nh\u00e2n vi\u00ean sale VNPT.<br \/>\u2013 B\u01b0\u1edbc 2: Kh\u00e1ch h\u00e0ng cung c\u1ea5p th\u00f4ng tin: GPKD + CMND ( B\u1ea3ng Photo kh\u00f4ng c\u1ea7n c\u00f4ng ch\u1ee9ng)<br \/>\u2013 B\u01b0\u1edbc 3: Nh\u00e2n vi\u00ean VNPT s\u1ebd kh\u1edfi t\u1ea1o ch\u1eef k\u00fd s\u1ed1 li\u00ean k\u1ebft v\u1edbi thu\u1ebf, h\u1ea3i quan, b\u1ea3o hi\u1ec3m x\u00e3 h\u1ed9i,\u2026.<br \/>\u2013 B\u01b0\u1edbc 4: Nh\u00e2n vi\u00ean VNPT s\u1ebd b\u00e0n giao ch\u1eef k\u00fd s\u1ed1 cho kh\u00e1ch h\u00e0ng trong ng\u00e0y, k\u00e8m gi\u1ea5y ch\u1ee9ng nh\u1eadn, h\u00f3a \u0111\u01a1n d\u1ecbch v\u1ee5, b\u1ed9 h\u1ee3p \u0111\u1ed3ng 2 b\u00ean.<\/p>\n<h3>\u25ba Th\u00f4ng tin v\u1ec1 g\u00f3i c\u01b0\u1edbc ch\u1eef k\u00fd s\u1ed1 VNPT xin vui l\u00f2ng li\u00ean h\u1ec7<\/h3>\n<p>SDT &#8211; 0941.92.8777<br \/>Zalo &#8211; 0941928777<br \/>Email: longnh.hcm@vnpt.vn<br \/>Fanpage: https:\/\/www.facebook.com\/khuyenmaivnpt<\/p>\n\t\t<\/div>\n\n\t\t\n<style>\n#section_206162060 {\n  padding-top: 30px;\n  padding-bottom: 30px;\n}\n<\/style>\n\t<\/section>\n\t\n","protected":false},"excerpt":{"rendered":"","protected":false},"author":1,"featured_media":0,"parent":0,"menu_order":0,"comment_status":"closed","ping_status":"closed","template":"page-blank.php","meta":{"footnotes":""},"class_list":["post-143","page","type-page","status-publish","hentry"],"_links":{"self":[{"href":"https:\/\/wifigiadinh.com\/index.php\/wp-json\/wp\/v2\/pages\/143","targetHints":{"allow":["GET"]}}],"collection":[{"href":"https:\/\/wifigiadinh.com\/index.php\/wp-json\/wp\/v2\/pages"}],"about":[{"href":"https:\/\/wifigiadinh.com\/index.php\/wp-json\/wp\/v2\/types\/page"}],"author":[{"embeddable":true,"href":"https:\/\/wifigiadinh.com\/index.php\/wp-json\/wp\/v2\/users\/1"}],"replies":[{"embeddable":true,"href":"https:\/\/wifigiadinh.com\/index.php\/wp-json\/wp\/v2\/comments?post=143"}],"version-history":[{"count":4,"href":"https:\/\/wifigiadinh.com\/index.php\/wp-json\/wp\/v2\/pages\/143\/revisions"}],"predecessor-version":[{"id":149,"href":"https:\/\/wifigiadinh.com\/index.php\/wp-json\/wp\/v2\/pages\/143\/revisions\/149"}],"wp:attachment":[{"href":"https:\/\/wifigiadinh.com\/index.php\/wp-json\/wp\/v2\/media?parent=143"}],"curies":[{"name":"wp","href":"https:\/\/api.w.org\/{rel}","templated":true}]}}